hat are the prime factors of 56177502?
2, 3, 47, 199211
List the prime factors of 51620842.
2, 7, 13, 283631
List the prime factors of 118026253.
2677, 44089
What are the prime factors of 308939421?
3, 7, 173, 85037
What are the prime factors of 169614589?
169614589
What are the prime factors of 172858023?
3, 13, 17, 59, 491
What are the prime factors of 101136585?
3, 5, 11, 131, 4679
List the prime factors of 348065947.
348065947
List the prime factors of 1035784222.
2, 11, 67, 271, 2593
List the prime factors of 728879157.
3, 80986573
What are the prime factors of 84310491?
3, 28103497
List the prime factors of 2075876323.
2971, 698713
What are the prime factors of 154650829?
83, 1863263
What are the prime factors of 2133613311?
3, 711204437
List the prime factors of 189773326.
2, 79, 1201097
List the prime factors of 254064497.
254064497
List the prime factors of 4292408233.
29, 3821, 38737
What are the prime factors of 287344983?
3, 31, 3089731
List the prime factors of 1936166022.
2, 3, 7, 15366397
What are the prime factors of 2905721576?
2, 71, 241, 21227
What are the prime factors of 186342639?
3, 7, 47, 3853
List the prime factors of 21345061.
53, 67, 6011
List the prime factors of 1904627440.
2, 5, 907, 26249
What are the prime factors of 247167018?
2, 3, 7, 653881
List the prime factors of 7868151.
3, 83, 3511
List the prime factors of 93142179.
3, 13, 59, 103, 131
List the prime factors of 888234151.
7, 89, 181, 7877
What are the prime factors of 2596657413?
3, 7, 123650353
What are the prime factors of 229580881?
61, 3763621
What are the prime factors of 1706364094?
2, 101, 617, 13691
List the prime factors of 4133042.
2, 2066521
List the prime factors of 1154727069.
3, 281, 1369783
What are the prime factors of 182882408?
2, 1051, 21751
List the prime factors of 132619087.
7583, 17489
List the prime factors of 304220113.
9619, 31627
List the prime factors of 19881.
3, 47
What are the prime factors of 3946716977?
7, 1259, 447829
What are the prime factors of 125262517?
125262517
What are the prime factors of 66555575?
5, 19, 61, 2297
What are the prime factors of 331763123?
19, 17461217
What are the prime factors of 162005701?
11, 13, 199, 5693
List the prime factors of 1601448760.
2, 5, 641, 62459
List the prime factors of 322740161.
53, 6089437
What are the prime factors of 71603111?
71603111
What are the prime factors of 124619510?
2, 5, 229, 54419
What are the prime factors of 2135124150?
2, 3, 5, 43, 331027
What are the prime factors of 1919515544?
2, 239939443
List the prime factors of 152508843.
3, 47, 360541
List the prime factors of 65090394.
2, 3, 47, 1637
List the prime factors of 1389787691.
31, 389, 115249
List the prime factors of 1500042778.
2, 13, 57693953
What are the prime factors of 546508370?
2, 5, 54650837
List the prime factors of 5592994046.
2, 2796497023
List the prime factors of 601036846.
2, 47, 6394009
List the prime factors of 81563536.
2, 2141, 2381
What are the prime factors of 1509744588?
2, 3, 11, 1039769
What are the prime factors of 212781863?
7, 4342487
What are the prime factors of 2688244240?
2, 5, 11, 1283, 2381
List the prime factors of 23879532.
2, 3, 1989961
What are the prime factors of 93704443?
7, 2473, 5413
List the prime factors of 367530045.
3, 5, 24502003
What are the prime factors of 12992503?
31, 71, 5903
What are the prime factors of 17735147?
17735147
List the prime factors of 42978499.
17, 2528147
List the prime factors of 2755611946.
2, 1377805973
List the prime factors of 138748571.
13, 199, 53633
What are the prime factors of 154376795?
5, 30875359
List the prime factors of 1287153713.
41, 577, 54409
List the prime factors of 44891520.
2, 3, 5, 103, 227
What are the prime factors of 249063518?
2, 11, 2503, 4523
List the prime factors of 334525399.
13, 37, 131, 5309
What are the prime factors of 26458501?
53, 67, 7451
What are the prime factors of 33515927?
33515927
What are the prime factors of 108228035?
5, 17, 353, 3607
What are the prime factors of 163528492?
2, 1427, 28649
What are the prime factors of 18826168?
2, 337, 6983
List the prime factors of 87532312.
2, 7, 1563077
What are the prime factors of 1255301827?
13, 8377, 11527
What are the prime factors of 719178164?
2, 229, 785129
What are the prime factors of 518858186?
2, 7, 11, 3369209
What are the prime factors of 58280720?
2, 5, 29, 25121
What are the prime factors of 1321987111?
19, 461, 150929
What are the prime factors of 11307453?
3, 173, 21787
What are the prime factors of 1501238286?
2, 3, 9266903
What are the prime factors of 39465521?
109, 362069
List the prime factors of 741742231.
2557, 290083
List the prime factors of 86957742.
2, 3, 211, 68687
List the prime factors of 118955568.
2, 3, 2478241
List the prime factors of 138412652.
2, 7, 193, 3659
What are the prime factors of 2444840735?
5, 467, 1047041
List the prime factors of 1423538029.
61, 23336689
List the prime factors of 1332418958.
2, 13, 51246883
What are the prime factors of 5037582960?
2, 3, 5, 6996643
List the prime factors of 237950193.
3, 13, 197, 30971
List the prime factors of 74775273.
3, 24925091
List the prime factors of 65208245.
5, 37, 41, 8597
List the prime factors of 13804187.
17, 812011
List the prime factors of 390139385.
5, 78027877
What are the prime factors of 66768605?
5, 17, 53, 14821
What are the prime factors of 209242146?
2, 3, 34873691
What are the prime factors of 585785161?
13, 45060397
What are the prime factors of 118394380?
2, 5, 13, 103, 4421
What are the prime factors of 298847940?
2, 3, 5, 433, 11503
List the prime factors of 287556092.
2, 2039, 35257
List the prime factors of 21080710.
2, 5, 7, 301153
What are the prime factors of 54910657?
379, 144883
List the prime factors of 130321912.
2, 7, 19, 53, 2311
What are the prime factors of 2413966023?
3, 7, 12772307
What are the prime factors of 122208218?
2, 11, 5554919
What are the prime factors of 4409877709?
4409877709
List the prime factors of 10152696.
2, 3, 109, 3881
List the prime factors of 2210847729.
3, 163, 191, 23671
What are the prime factors of 1915711876?
2, 13, 36840613
What are the prime factors of 53303375?
5, 426427
List the prime factors of 173548636.
2, 43387159
What are the prime factors of 682919437?
223, 1741, 1759
List the prime factors of 61124837.
29, 67, 163, 193
What are the prime factors of 39874746?
2, 3, 2477, 2683
What are the prime factors of 45711187?
41, 1114907
What are the prime factors of 309674094?
2, 3, 3307, 15607
What are the prime factors of 423284494?
2, 3221, 65707
What are the prime factors of 240460184?
2, 30057523
List the prime factors of 1476141792.
2, 3, 15376477
List the prime factors of 379392401.
1117, 339653
List the prime factors of 15595926.
2, 3, 2599321
List the prime factors of 6640962208.
2, 41, 131, 38639
What are the prime factors of 127022664?
2, 3, 97, 54563
What are the prime factors of 36469697?
11, 23, 47, 3067
What are the prime factors of 949530118?
2, 2281, 208139
List the prime factors of 46756505.
5, 9351301
List the prime factors of 787570086.
2, 3, 37, 3547613
What are the prime factors of 96533035?
5, 19306607
List the prime factors of 61922414.
2, 30961207
List the prime factors of 311419308.
2, 3, 53, 489653
What are the prime factors of 155947758?
2, 3, 89, 292037
List the prime factors of 39421745.
5, 11, 113, 6343
List the prime factors of 762853863.
3, 254284621
What are the prime factors of 3320877983?
37, 89753459
What are the prime factors of 227805162?
2, 3, 13, 2920579
What are the prime factors of 1174043068?
2, 11, 53, 241, 2089
List the prime factors of 311718584.
2, 89, 233, 1879
What are the prime factors of 106794336?
2, 3, 11, 23, 4397
What are the prime factors of 104010976?
2, 3250343
List the prime factors of 22271128.
2, 11, 253081
List the prime factors of 595899546.
2, 3, 11, 19, 31, 15329
What are the prime factors of 181347778?
2, 23, 1889, 2087
List the prime factors of 17446759.
11, 71, 89, 251
List the prime factors of 2720904299.
2720904299
What are the prime factors of 775463118?
2, 3, 43, 3005671
List the prime factors of 11456664.
2, 3, 477361
What are the prime factors of 6184973842?
2, 191, 1723, 9397
List the prime factors of 406012481.
7, 353